5523?
29, 157, 491
List the prime factors of 9114953.
9114953
List the prime factors of 117562.
2, 43, 1367
List the prime factors of 2231982.
2, 3, 41333
What are the prime factors of 2799897?
3, 19, 49121
List the prime factors of 248314.
2, 11, 11287
List the prime factors of 375418.
2, 337, 557
List the prime factors of 1819714.
2, 13, 17, 23, 179
List the prime factors of 14099337.
3, 7, 163, 1373
List the prime factors of 1626508.
2, 13, 31, 1009
List the prime factors of 215884.
2, 31, 1741
What are the prime factors of 283753?
37, 7669
List the prime factors of 2616961.
61, 42901
What are the prime factors of 11324586?
2, 3, 7, 13, 2963
List the prime factors of 3821705.
5, 764341
What are the prime factors of 925044?
2, 3, 157, 491
What are the prime factors of 946045?
5, 431, 439
What are the prime factors of 189867?
3, 19, 3331
What are the prime factors of 5762205?
3, 5, 42683
What are the prime factors of 16758783?
3, 1862087
List the prime factors of 51515.
5, 10303
What are the prime factors of 196108?
2, 11, 4457
What are the prime factors of 2598139?
29, 89591
List the prime factors of 58266.
2, 3, 13, 83
List the prime factors of 316377.
3, 35153
List the prime factors of 54375.
3, 5, 29
What are the prime factors of 9563629?
71, 134699
What are the prime factors of 8141449?
8141449
List the prime factors of 435728.
2, 113, 241
List the prime factors of 2482356.
2, 3, 31, 6673
List the prime factors of 309774.
2, 3, 17, 3037
What are the prime factors of 255120?
2, 3, 5, 1063
List the prime factors of 2000157.
3, 103, 6473
List the prime factors of 285618.
2, 3, 181, 263
What are the prime factors of 787024?
2, 7, 7027
What are the prime factors of 385062?
2, 3, 29, 2213
List the prime factors of 1765898.
2, 19, 46471
List the prime factors of 165361.
7, 23623
What are the prime factors of 364801?
364801
What are the prime factors of 2012986?
2, 1006493
What are the prime factors of 5383698?
2, 3, 233, 3851
What are the prime factors of 265114?
2, 71, 1867
What are the prime factors of 366334?
2, 183167
List the prime factors of 10741420.
2, 5, 537071
What are the prime factors of 212037?
3, 7, 23, 439
What are the prime factors of 5181895?
5, 251, 4129
List the prime factors of 15583084.
2, 11, 17, 83, 251
List the prime factors of 155333.
155333
List the prime factors of 12951880.
2, 5, 323797
What are the prime factors of 3284433?
3, 364937
List the prime factors of 15836563.
15836563
List the prime factors of 244554.
2, 3, 40759
List the prime factors of 2774953.
2774953
What are the prime factors of 13430672?
2, 197, 4261
What are the prime factors of 401484?
2, 3, 33457
What are the prime factors of 16370973?
3, 251, 7247
List the prime factors of 3387297.
3, 41, 27539
What are the prime factors of 1465895?
5, 293179
What are the prime factors of 14572076?
2, 859, 4241
List the prime factors of 244473.
3, 19, 4289
What are the prime factors of 207478?
2, 227, 457
List the prime factors of 159894.
2, 3, 7, 47
List the prime factors of 2798983.
11, 53, 4801
List the prime factors of 270171.
3, 11, 2729
What are the prime factors of 293520?
2, 3, 5, 1223
What are the prime factors of 5959186?
2, 41, 72673
What are the prime factors of 894409?
894409
List the prime factors of 13727076.
2, 3, 11, 103993
List the prime factors of 7768203.
3, 157, 16493
What are the prime factors of 10544950?
2, 5, 13, 16223
What are the prime factors of 771656?
2, 96457
List the prime factors of 124772.
2, 31193
What are the prime factors of 206710?
2, 5, 7, 2953
What are the prime factors of 1147877?
41, 27997
What are the prime factors of 528638?
2, 11, 24029
List the prime factors of 33675262.
2, 16837631
List the prime factors of 1489422.
2, 3, 11, 22567
What are the prime factors of 416867?
11, 37897
List the prime factors of 588759.
3, 229, 857
What are the prime factors of 312324?
2, 3, 17, 1531
List the prime factors of 11047879.
11047879
List the prime factors of 2119140.
2, 3, 5, 61, 193
List the prime factors of 28066474.
2, 709, 19793
What are the prime factors of 2743091?
13, 211007
What are the prime factors of 1345983?
3, 23, 19507
What are the prime factors of 1771387?
1771387
What are the prime factors of 687?
3, 229
What are the prime factors of 506295?
3, 5, 11251
What are the prime factors of 209685?
3, 5, 7, 1997
List the prime factors of 12979141.
7, 1854163
What are the prime factors of 34776?
2, 3, 7, 23
List the prime factors of 19387388.
2, 67, 72341
What are the prime factors of 1726591?
1726591
What are the prime factors of 625242?
2, 3, 104207
What are the prime factors of 1746838?
2, 873419
List the prime factors of 320886.
2, 3, 17827
What are the prime factors of 3462293?
3462293
What are the prime factors of 10653369?
3, 3551123
List the prime factors of 6051710.
2, 5, 7, 86453
What are the prime factors of 830712?
2, 3, 34613
List the prime factors of 496360.
2, 5, 12409
What are the prime factors of 5390877?
3, 1796959
What are the prime factors of 1134902?
2, 567451
List the prime factors of 1868889.
3, 11, 56633
List the prime factors of 20617.
53, 389
List the prime factors of 6795059.
73, 93083
List the prime factors of 293785.
5, 58757
List the prime factors of 242116.
2, 7, 8647
List the prime factors of 7771993.
7771993
What are the prime factors of 709809?
3, 223, 1061
What are the prime factors of 32007?
3, 47, 227
What are the prime factors of 2359585?
5, 29, 16273
List the prime factors of 89842.
2, 29, 1549
List the prime factors of 35751128.
2, 7, 109, 5857
What are the prime factors of 1924173?
3, 67, 3191
What are the prime factors of 183594?
2, 3, 37, 827
What are the prime factors of 181005?
3, 5, 11, 1097
List the prime factors of 2460211.
13, 97, 1951
List the prime factors of 11287097.
47, 240151
List the prime factors of 2922002.
2, 1461001
What are the prime factors of 442766?
2, 107, 2069
List the prime factors of 14318883.
3, 530329
What are the prime factors of 8340453?
3, 11, 84247
List the prime factors of 12387304.
2, 37, 41849
What are the prime factors of 3159695?
5, 7, 11, 29, 283
What are the prime factors of 23113273?
23113273
List the prime factors of 94578.
2, 3, 11, 1433
What are the prime factors of 3689443?
43, 239, 359
What are the prime factors of 6533791?
11, 101, 5881
List the prime factors of 6444072.
2, 3, 89501
List the prime factors of 3358522.
2, 1679261
What are the prime factors of 260840?
2, 5, 6521
List the prime factors of 905626.
2, 452813
List the prime factors of 4667150.
2, 5, 269, 347
List the prime factors of 5051773.
173, 29201
List the prime factors of 355953.
3, 13, 9127
List the prime factors of 212397.
3, 83, 853
List the prime factors of 7982255.
5, 1596451
List the prime factors of 2395883.
7, 103, 3323
List the prime factors of 3881621.
29, 137, 977
What are the prime factors of 866125?
5, 13, 41
What are the prime factors of 1421962?
2, 41, 17341
List the prime factors of 441328.
2, 27583
What are the prime factors of 592411?
23, 43, 599
List the prime factors of 533612.
2, 133403
List the prime factors of 3883308.
2, 3, 11, 13, 31, 73
What are the prime factors of 21264576?
2, 3, 110753
What are the prime factors of 1322629?
7, 11, 89, 193
List the prime factors of 151115.
5, 30223
What are the prime factors of 233177?
7, 33311
What are the prime factors of 408923?
408923
What are the prime factors of 3047038?
2, 41, 37159
What are the prime factors of 1965255?
3, 5, 37, 3541
List the prime factors of 3727480.
2, 5, 93187
What are the prime factors of 4916751?
3, 7, 234131
What are the prime factors of 1626019?
41, 39659
What are the prime factors of 120043?
7, 11, 1559
List the prime factors of 82332.
2, 3, 2287
List the prime factors of 1007973.
3, 111997
List the prime factors of 2255681.
2255681
List the prime factors of 2790891.
3, 19, 859
List the prime factors of 130484.
2, 32621
What are the prime factors of 14062448?
2, 29, 30307
List the prime factors of 5619550.
2, 5, 167, 673
What are the prime factors of 122646?
2, 3, 20441
What are the prime factors of 122024?
2, 7, 2179
What are the prime factors of 5360887?
7, 83, 9227
What are the prime factors of 1607759?
307, 5237
What are the prime factors of 414076?
2, 13, 7963
List